e the highest common factor of g and r.
74
Let r(z) = -77*z + 7656. Let j be r(99). Calculate the greatest common divisor of 1991 and j.
11
Suppose 2*i + 5*z - 7*z = 10, -4*i + 29 = 5*z. What is the greatest common divisor of 426 and i?
6
Let m = 466 - 464. Suppose 2*n = f - 93 - 55, -f + 152 = m*n. Let x = 100 - 40. What is the greatest common divisor of x and f?
30
Let s = 89152 + -88781. Let z(w) = -w**2 - 6*w + 2. Let k be z(-5). Calculate the highest common factor of s and k.
7
Suppose q = f - 994, f - q = -2*f + 2982. Suppose -5*n + f = 274. Let g = -194140 - -194158. What is the highest common factor of n and g?
18
Suppose 5*q + 175 = 5*t, -35 = -4*t + 3*t + 5*q. Calculate the highest common factor of 6615 and t.
35
Let n = 666 + -649. Suppose 0 = 5*i - 25, -6*d + 2*d + 27 = -i. Let a = 77 + d. What is the greatest common divisor of n and a?
17
Suppose 34743 = 3*c - 64*a + 61*a, -2*a - 16 = 0. Calculate the highest common factor of c and 71.
71
Let u = -90 + 132. Let r = 643 + -545. What is the greatest common factor of r and u?
14
Let m be 590/7 - (24/(-14) + 2). Let d be (m/2)/(-1 + 5 + -2). Calculate the highest common divisor of d and 12.
3
Let n = -3 + 5. Let b(l) = -30*l + 206. Let h be b(6). Calculate the highest common factor of n and h.
2
Let r = 167 - 58. Let y = r - 86. Let h = y + -13. What is the highest common factor of 4 and h?
2
Let u = 305 - 305. Suppose -5*s + 4*n + 73 + 107 = 0, -4*n - 20 = u. Calculate the greatest common factor of 1 and s.
1
Let d be 294/(-210) + 3*(-544)/(-30). Suppose 0 = f + 2*f - 75. Let i = d - f. What is the highest common factor of 14 and i?
14
Suppose 2*m - 334 = -3*x, 0 = 3*x + 4*m - 423 + 85. Calculate the highest common factor of x and 264.
22
Let p(q) = 24*q**2 - 14*q - 37. Let o be p(-8). Calculate the highest common factor of 45 and o.
9
Let u be (42/(-56))/((-12)/1888). Calculate the highest common factor of 13334 and u.
118
Suppose 2244 = -53*f + 185*f. Calculate the greatest common divisor of 4369 and f.
17
Let q(m) = -2*m**3 - 8*m**2 - 4*m + 6. Let w be q(-5). Suppose -4*i + t = -226, 21*t = -4*i + 16*t + 238. What is the greatest common factor of w and i?
19
Suppose 565*j + 13680 = 584*j. What is the greatest common factor of j and 300?
60
Suppose 0 = 5*r + 26*r + 17298. Let y = 568 + r. Let o(v) = -v**3 - v**2 + v + 4. Let u be o(0). Calculate the highest common factor of y and u.
2
Let d = -292 - -298. Let k(r) = 0 - 4*r**2 + 0*r**2 + 3*r**2 + 9*r - 2. Let g be k(d). What is the highest common divisor of g and 16?
16
Suppose 4*b - 25626 + 6370 = 0. Calculate the greatest common divisor of b and 29.
29
Let m = -48985 + 91535. What is the highest common factor of 185 and m?
185
Let r be (-17)/(-1) + (-2)/(-4)*2. Let v = r - 18. Suppose v = 11*s + 215 - 4263. What is the highest common divisor of s and 46?
46
Suppose 14*v - 1509 = 3055. Let l = -291 + v. Calculate the greatest common divisor of l and 1085.
35
Suppose q + 4*r = 4*q - 109, 0 = 4*q - 3*r - 150. Suppose 130 = -4*c - 5*m, -4 = -4*m + 2*m. Let u = c + q. Calculate the highest common factor of u and 8.
4
Suppose -3*b - 7 = -37. Let a(d) = -d**2 + 14*d + 4. Let v be a(b). Let p be 2 + -4 - (-9 - -3). What is the highest common divisor of p and v?
4
Suppose 37*u + 25 = 38*u + 4*s, 152 = 3*u + s. What is the highest common divisor of 3763 and u?
53
Let v be -28*(-15)/(-60) + 197*-1. Let g be (-2)/6 + (-296)/3. Let i be 9/((g/v)/11). What is the greatest common factor of i and 51?
51
Let r(j) = 2*j. Let s be r(2). Suppose 3*b + s*p + 6 = -8, -4*p = 20. Let v(u) = 4*u**2 - 7*u + 3. Let k be v(b). What is the highest common factor of k and 1?
1
Let y = 1930 - 1424. Calculate the greatest common factor of 352 and y.
22
Let f be 8*2/(-12)*-33. Suppose 590 = 5*n - 4*d + 166, -2*n + 188 = 3*d. What is the highest common factor of f and n?
44
Let b = -8 - 2. Let h be (b/4)/(3/(-42)). Let f be (-638 + 1013 - (-1 + -8)) + 2 + -1. What is the greatest common divisor of f and h?
35
Suppose 4*v - 3*k - 453 = 0, 119*k + 25 = 124*k. What is the greatest common factor of 611 and v?
13
Suppose -2*c + 1 = 11, -u - 4*c + 56 = 0. Let i(m) = -24056*m + 48226. Let h be i(2). What is the highest common divisor of u and h?
38
Let u = -14078 - -15999. What is the greatest common factor of u and 904?
113
Let v = -92 - -95. Let h(g) = -g + 14*g + v - 54*g. Let n be h(-1). Calculate the greatest common factor of n and 66.
22
Suppose 186 = 3*j - 1158*r + 1155*r, 286 = 5*j + r. Calculate the highest common factor of j and 13166.
58
Let m(z) = -z**3 + 11*z**2 - 10*z - 2. Let f be m(9). Suppose 139792 = 434*i - 148818. What is the highest common factor of i and f?
35
Suppose -4*p - 4*l = 3744, -110*p + 2836 = -113*p + 4*l. Let t = 980 + p. What is the highest common divisor of 25 and t?
5
Let z = -18043 - -18420. What is the greatest common factor of z and 715?
13
Let f = -306 + 302. Let y be 6/9*-6*(f + 2). Calculate the greatest common factor of 256 and y.
8
Let y be (-4)/14 + (-7990)/(-35). Let x(d) = -114*d - 304. Let b be x(-4). Calculate the greatest common divisor of b and y.
76
Let v(b) = -514*b + 2. Let y(d) = 2*d + 1. Let z(u) = v(u) - 5*y(u). Let o be z(-2). What is the greatest common factor of o and 19?
19
Suppose -77*y = -11202 - 19059. What is the greatest common divisor of 655 and y?
131
Let w be ((-6)/(-4) + -3)/((-2)/(-16))*-78. Calculate the highest common factor of 144 and w.
72
Let r be 11 + -6 - 2 - -1*1. Suppose 57 = 3*y - 3*f, f - r = -0. What is the highest common factor of 1 and y?
1
Let f(v) = 6*v**2 - 2*v**3 - 22*v - 14 + 9*v**2 - 2*v**2 + 32*v. Let g be f(7). What is the highest common divisor of 77 and g?
7
Let x be (-125030)/(-40) + -24 - 10/(-8). Calculate the greatest common divisor of x and 642.
107
Suppose 2*a + a = 0, -3*t + 15 = -3*a. Suppose -3*p + m + 4 = -7, 3*p - 31 = t*m. Suppose 2*y - 3 = 5. What is the highest common factor of y and p?
2
Let y(t) = 3*t**2 + 54*t + 95. Let h be y(-17). Suppose 2*z - 77 = -w - 1, -5*w + z = -325. Calculate the greatest common divisor of w and h.
22
Suppose 0 = -5*r + 5, -10*o + 8*o = 4*r + 986. Let f = 525 + o. Let i be 0 + (74 - -2) + -1. Calculate the greatest common divisor of i and f.
15
Let s = -25945 + 25957. Suppose -5 = 2*v + 3*v. Let w be 117 - v - (0 - 2). Calculate the highest common factor of w and s.
12
Let r(q) = 296*q + 2690. Let k be r(-5). Calculate the highest common factor of 770 and k.
110
Suppose -g - 75 = -w - 498, 0 = g - 3*w - 413. What is the highest common divisor of g and 535?
107
Let s(h) = -250*h + 4388. Let p be s(10). Calculate the highest common divisor of p and 8.
8
Let j(p) = -7*p + 2. Let h be j(-6). Let d be (-6 + (-30)/(-9) + 6)*1782/45. Calculate the highest common divisor of d and h.
44
Suppose 5*z - 5 = -5*n + 45, -3*z + 2*n = -25. Let d = 124 - 115. Calculate the highest common factor of z and d.
9
Suppose -8 = -l + 18. Suppose 4*d - 38 = 5*b, 0 = -4*b - 5*d + 3*d - 20. Let r = l + b. Calculate the highest common divisor of 60 and r.
20
Let o be (-30)/((-5)/(-2) - 6/(-24)*-12). What is the highest common factor of o and 410?
10
Let m(g) = -893*g**3 - g**2 + g. Let y be m(-1). What is the greatest common divisor of y and 165?
33
Suppose 0 = 4*b + k - 24, 0 = -3*k + 2 - 14. Let c = 28 + b. Suppose -1 = -m + 6. Calculate the highest common divisor of m and c.
7
Let k(i) = 2*i**2 + i + 2. Let w(a) = -4*a**2 + 57*a + 26. Let s(m) = k(m) + w(m). Let v be s(28). Calculate the highest common divisor of v and 24.
12
Suppose 0*u - 15 = -3*u. Suppose -2*i = -3*d - 2*d + 15, u*i = 3*d - 28. Let r be ((-167)/4)/(-1) + d/4. What is the highest common divisor of 6 and r?
6
Let w be (-6*(-1 - 17))/(15/20). Calculate the greatest common factor of 63 and w.
9
Suppose -u = -5*y + 883, -4*u + 12 - 4 = 0. Let f = y - 72. Let n(b) = 3*b**2 + 2*b + 2. Let h be n(3). Calculate the highest common divisor of f and h.
35
Suppose 46*t - 44*t = 3*p + 415, -3*t - p = -606. Calculate the highest common factor of t and 522.
29
Suppose -2*g - 124 = -j, -5*j + 924 = -g + 268. Let z = -87 + j. What is the highest common factor of z and 135?
45
Let l(s) = -4*s - 39. Suppose -11*p + 16*p = 20. Suppose -13 = c - p*o, -2*c + 6*c + 52 = 4*o. Let q be l(c). What is the highest